 What is the units digit of (14/4)/(g/(-2))?
7
What is the tens digit of 72/30*(2 + 3)?
1
Suppose 71*a = 69*a + 192. What is the tens digit of a?
9
Let c(d) = -d**3 - 5*d**2 - 4*d. Let h be c(-4). Let r = 1 - h. What is the units digit of 1 + r - (0 + -2)?
4
Let p be (-57)/11 - (-6)/33. Let n = p + 8. Let l = n + -1. What is the units digit of l?
2
Let v = -197 + 470. What is the tens digit of v?
7
Let z(q) = q**3 + 4*q**2 + 1. Let h be 44/(-6) - (-2)/6. Let u = -11 - h. What is the units digit of z(u)?
1
Suppose -c + 4*c + 4*k + 11 = 0, -5*k = -c + 9. Let v be 0 + c + 17 + 0. Suppose 4*g = v, g = -y - 0*g + 7. What is the units digit of y?
3
Suppose 2 = a + 2*d, -5*a + 24 = 2*d + d. Suppose -4*f + a = -2*f. What is the units digit of f?
3
Suppose 0*m + 20 = 2*m. Suppose 4*k - 2*k = m. Suppose -2*z = 2, -4*x = -3*x - k*z - 8. What is the units digit of x?
3
Let b = 5 - 4. Suppose b + 24 = 5*f. What is the units digit of f?
5
Suppose -y + 63 = -4*g, g - 39 - 24 = -y. What is the units digit of y?
3
What is the units digit of -1 - ((-36)/6 + -97)?
2
Let t = 0 - 0. Suppose 0 = 2*r - 5*x + 20, 0 = -5*r - t*x + x - 4. Suppose 6 = c - r*c. What is the units digit of c?
6
Let c(s) = 91*s + 3. What is the tens digit of c(1)?
9
Suppose 210 = 20*j - 15*j. What is the units digit of j?
2
Suppose 18 + 6 = 4*m - 4*t, t = 5*m - 18. Suppose -2*y + y = -1. Suppose -3*d - m*u - 2 - y = 0, -d - 5*u = 21. What is the units digit of d?
4
Suppose -6 = -2*u + 2. Let l = u + -7. Let q = 7 + l. What is the units digit of q?
4
Let u be (1 + 0 + 0)/(-1). Let p be (-10 - u)/(-2 + 1). Let o(k) = -k**2 + 10*k. What is the units digit of o(p)?
9
Let q(j) = -j**2 + 9*j - 8. Let t be q(8). Suppose m + m - 8 = t. Suppose -2*b - 2*p = m, -b - 3*p - 13 = -1. What is the units digit of b?
3
Let i(o) = -4*o**3 - 3*o**2 - 3*o - 2. Let t be i(-3). Suppose -2*v + 41 = 3*l, -5*l + 7 + t = 5*v. What is the units digit of v?
6
Let v be (13 - -1)*(-3)/(-6). Let x = -5 + v. What is the units digit of x?
2
Let a(v) = -v + 9. Let f be a(-6). Suppose 83 = 2*d + f. What is the tens digit of d?
3
Let j = -9 - -9. Suppose j = -3*n - n + 20. Suppose 5*o + m = 85, 2*o - 5*o + n*m + 79 = 0. What is the units digit of o?
8
Suppose 0 = -4*t + 5*t - 25. Let w = -15 + t. Let h = 18 - w. What is the units digit of h?
8
Let q(s) = 15*s - 1. Let z be q(1). What is the tens digit of 4/z - (-150)/14?
1
Let a(d) = 1 - 4*d**2 - 1 + d. Let b be a(1). Let q = 8 + b. What is the units digit of q?
5
Suppose 0 = 3*u - 8*u + b - 20, 4*b = -4*u - 16. Let c = u - -8. What is the units digit of c?
4
Let f(n) = -n**3 + 6*n**2 - 6. Let h be f(6). Let p = -4 - h. What is the units digit of p?
2
Let r be 1/(2 - 18/10). Let b(n) = -r*n - n**2 + 0*n - n. What is the units digit of b(-4)?
8
Suppose 0 = -5*k - 2*r + 1659, -3*k + 5*k = 5*r + 652. What is the hundreds digit of k?
3
Let m be ((-75)/20)/(1/(-4)). Suppose -5*l + m + 0 = 0. What is the units digit of l?
3
Let o = 4 - 0. Let a = 6 - o. Suppose 0 = -0*w + w - a. What is the units digit of w?
2
What is the units digit of 633/33 - (-6)/(-33)?
9
Suppose -54*a + 56*a - 720 = 0. What is the tens digit of a?
6
Let f(i) = -i**3 + 5*i**2 + 2*i - 5. Let s be f(5). Suppose s*p = w - 9, 0 = -4*p + 1 + 3. What is the tens digit of w?
1
Let o be -3 - -1 - (-24)/(-2). Let y = o + 44. What is the tens digit of y?
3
Let m(u) be the first derivative of 3*u**2 + u - 3. What is the units digit of m(2)?
3
Let d(f) = f**3 - 1. Let n(a) = -1 + 3*a - 6*a**2 + 7*a**3 - a - 4. Let m(w) = 6*d(w) - n(w). What is the tens digit of m(5)?
1
Let i(k) = -k**2 + 8*k - 7. Let v be i(5). Let a = v + -5. What is the units digit of a?
3
Let m be 28/(-3)*6/(-4). Let i be 114/42 - (-4)/m. Suppose i*l - 7 = 2*j, 10 = 5*l - 3*j - 2. What is the units digit of l?
3
Let k = 16 + -9. Suppose -2*d + k*f - 2*f = -17, 0 = d + f + 2. What is the units digit of d?
1
Let h = -15 - -16. What is the units digit of h?
1
Let i(n) = 1 + n**2 - 1 - n. Let c = -26 + 22. What is the units digit of i(c)?
0
What is the units digit of 44/4*(0 - 4/(-4))?
1
What is the units digit of 14/21 - (-265)/3?
9
Let i(a) = -4*a - 1. Let c(z) = -8*z - 3. Let v(y) = 6*c(y) - 11*i(y). What is the tens digit of v(-10)?
3
Let g be (-22)/(-6) + 8/(-12). What is the tens digit of 1*13 + g/3?
1
Suppose 3*j - 3 = -3*l, 4*j + 28 = -2*l + 6*l. Suppose l*z - 7 = 3*z. Let h(b) = b**3 - 7*b**2 - b + 9. What is the units digit of h(z)?
2
Let m(j) = -j - 7. Let c be m(-7). Suppose 5*a = -c*a + 15. What is the units digit of a?
3
Suppose 3*o - 5*s - 379 = 0, -5*s = -2*o + 4*o - 236. What is the tens digit of o?
2
What is the tens digit of 81 + (-2 - 1/(-1))?
8
Let t(s) = 33*s + 4. Let r be t(-3). Let x = r + 134. What is the tens digit of x?
3
What is the tens digit of (0 - (-620)/(-8))*(-4)/5?
6
Let u = -52 + 88. What is the tens digit of u?
3
Let u(g) = g**2 - 3*g - 4. Let y be u(4). Let q(w) be the first derivative of -w**2/2 + 5*w + 2. What is the units digit of q(y)?
5
Suppose -4*v + v + 57 = 0. What is the tens digit of v?
1
Suppose 5*z - i = 36, -3*z - z - i + 27 = 0. What is the units digit of z?
7
Let i = -2 + 4. Suppose i*m - 5 = -3*m. What is the units digit of m?
1
Let f(w) = 2*w - 3. Let p be f(3). Suppose -3*y = p*b - 3, -2*b + 5 = -7*b. Suppose 21 = r - 4*s, -5*s - 18 = -y*r - 3*s. What is the units digit of r?
5
Suppose 8*y + 4 = 10*y. Suppose -y*f = -f - 10. What is the tens digit of f?
1
What is the units digit of -1 + 3 + 36/1?
8
Suppose 521 = 4*d - 27. What is the tens digit of d?
3
Let y(u) = u**2 - 9*u. What is the units digit of y(12)?
6
Suppose -5*l + 3*v = -68 - 63, -3*l + 69 = -5*v. What is the units digit of l?
8
Let j(p) = p**3 - 6*p**2 - 5*p - 5. Let c be j(7). Let o(r) = r - 3 + r - 10. What is the units digit of o(c)?
5
Suppose m - 28*m + 9774 = 0. What is the units digit of m?
2
Let p(w) = 2*w**3 - 10*w**2 + 6*w + 4. Let d be p(6). Let h be d/20 + 2/5. Suppose -3*a - h = -30. What is the units digit of a?
8
Suppose -3*k = -2*m - 778, 0*k + 1036 = 4*k - 3*m. What is the hundreds digit of k?
2
Suppose -4*p + 48 = 12. Let j(m) = m**3 - m**2 - m. Let g(o) = -4*o**3 + 11*o**2 + 12*o - 10. Let v(r) = -g(r) - 3*j(r). What is the units digit of v(p)?
0
Let c = -6 - -6. Let k(o) = o**2 + 4*o + 1. Let l be k(-5). Suppose 3*w = -c*w + l. What is the units digit of w?
2
Suppose -3*n = 5*c + 24 + 10, 2*n = 3*c + 9. Let l = n - -5. Suppose 3*z + 4 = l*z - 3*x, 4*x = -4*z. What is the units digit of z?
2
Let b = 13 + -9. What is the units digit of b?
4
Let f = -62 + 74. What is the tens digit of f?
1
Let t = 3 + 0. Suppose -3*b + 3 + t = 0. What is the units digit of (-1)/(54/(-26) + b)?
3
Let v(h) = -7*h**3 - 3*h**2 - h + 1. What is the tens digit of v(-2)?
4
Suppose 2*b + 2 - 199 = t, -4*b = t - 379. Suppose 4*i - 4 = b. What is the tens digit of i?
2
Suppose 10 = -6*f + 1594. What is the tens digit of f?
6
Suppose -2*i + 140 = 3*l, 96 = 4*i + 3*l - 184. What is the tens digit of i?
7
Suppose 13 = 3*p + 5*y, 4 = 3*y - 2. What is the units digit of p?
1
What is the units digit of (54/4)/(1/2)?
7
What is the tens digit of (-2)/(-4) - 300/(-8)?
3
Let s = 11 + -7. Suppose d + s*n = -2*d + 18, -3*d = -3*n - 39. What is the tens digit of d?
1
What is the tens digit of (-21 + 20)*(-168)/2?
8
Let i = 12 + -10. Suppose -5*s + 1 + 4 = z, 20 = 4*z - i*s. Suppose 0*p + 3*k + 26 = 2*p, 0 = 4*p + z*k - 8. What is the units digit of p?
7
What is the tens digit of 0/(-3) - (2 + -12)?
1
Let z(s) be the third derivative of 0 + 0*s + s**2 + 7/24*s**4 - 1/6*s**3. What is the units digit of z(1)?
6
Let r be 1/((-3 + 1)/(-6)). Suppose 3*c - 6 = -r*s, 0*c = -2*s - 5*c + 7. What is the units digit of s?
1
Let p(f) = 4*f**2 - f. Let u be p(1). Let r = 7 - u. What is the units digit of r/(-24) + 31/6?
5
Suppose x + 0*x = 0. Suppose -3*u = 3*s - 3, x = -2*s + 2*u - 2 + 16. Suppose -o = -0*o - s. What is the units digit of o?
4
Let w = 547 - 313. What is the hundreds digit of w?
2
What is the units digit of (-15 + 0)*3/((-36)/184)?
0
Suppose n - 24 = -2*k, -2*n + 6*n - 124 = -k. Suppose -z + n = z. What is the tens digit of z?
1
What is the units digit of (-105)/10*4/(-7)?
6
Let a = -13 + 21. Suppose 4*f = -0*f + a. What is the units digit of -1 + 0 + 2 + 